{"id":16,"date":"2024-01-05T19:51:18","date_gmt":"2024-01-05T18:51:18","guid":{"rendered":"https:\/\/ligaescobarense.ar\/?page_id=16"},"modified":"2024-01-07T16:49:16","modified_gmt":"2024-01-07T15:49:16","slug":"institucional","status":"publish","type":"page","link":"https:\/\/ligaescobarense.ar\/index.php\/institucional\/","title":{"rendered":"Institucional"},"content":{"rendered":"\n<p><\/p>\n\n\n\n<div class=\"wp-block-columns is-layout-flex wp-container-core-columns-layout-1 wp-block-columns-is-layout-flex\">\n<div class=\"wp-block-column is-layout-flow wp-block-column-is-layout-flow\">\n<p class=\"has-medium-font-size\">La <strong>Liga Escobarense de F\u00fatbol<\/strong> es una asociaci\u00f3n civil de clubes del noroeste del \u00c1rea Metropolitana de Buenos Aires que tiene como misi\u00f3n la promoci\u00f3n del deporte en la regi\u00f3n. Fundada el 20 de abril de 1956, esta liga regional acumula m\u00e1s de seis d\u00e9cadas de organizaci\u00f3n de torneos deportivos.<\/p>\n<\/div>\n\n\n\n<div class=\"wp-block-column is-layout-flow wp-block-column-is-layout-flow\">\n<figure class=\"wp-block-image size-full is-resized is-style-default\"><img decoding=\"async\" src=\"https:\/\/ligaescobarensedefutbol.com\/wp-content\/uploads\/2023\/01\/liga.jpg\" alt=\"\" class=\"wp-image-1179\" style=\"width:403px;height:226px\"\/><\/figure>\n<\/div>\n<\/div>\n\n\n\n<p class=\"has-medium-font-size\">Se encuentra homologada por el <em>Consejo Federal<\/em> de la <em>Asociaci\u00f3n del F\u00fatbol Argentino<\/em> (<strong>AFA<\/strong>), lo que permite la clasificaci\u00f3n de los clubes a los Torneos Regionales y Federales organizados por la casa madre del f\u00fatbol de nuestro pa\u00eds. Tambi\u00e9n, forma parte de la <em>Federaci\u00f3n de F\u00fatbol Bonaerense Pampeana<\/em> (<strong>FFBP<\/strong>), una importante asociaci\u00f3n de ligas de las provincias de Buenos Aires y La Pampa.<\/p>\n\n\n\n<p class=\"has-medium-font-size\">En la actualidad, son <strong>40<\/strong> los clubes afiliados a la Liga Escobarense provenientes de los municipios de Escobar, Pilar, Tigre, Jos\u00e9 C. Paz, Malvinas Argentinas, San Miguel, San Isidro, Moreno y Tres de Febrero.<\/p>\n\n\n\n<p class=\"has-medium-font-size\">La sede social est\u00e1 ubicada en Sarmiento 472 del Partido de Escobar. La liga organiza campeonatos de f\u00fatbol masculino y femenino tanto de Primera Divisi\u00f3n, de categor\u00edas juveniles y de f\u00fatbol playa. Los cert\u00e1menes nuclean a deportistas, entrenadores, dirigentes, \u00e1rbitros, colaboradores y simpatizantes.<\/p>\n\n\n\n<p class=\"has-text-align-center has-medium-font-size\">Comisi\u00f3n Directiva (actual)<\/p>\n\n\n\n<figure class=\"wp-block-image size-large\"><img decoding=\"async\" src=\"https:\/\/ligaescobarensedefutbol.com\/wp-content\/uploads\/2023\/01\/322990745_541758587989454_6856573518035376511_n-1-e1674321812427-1024x366.jpg\" alt=\"\" class=\"wp-image-1182\"\/><\/figure>\n\n\n\n<figure class=\"wp-block-table is-style-stripes has-small-font-size\"><table><tbody><tr><td class=\"has-text-align-center\" data-align=\"center\">Presidente<\/td><td class=\"has-text-align-center\" data-align=\"center\">Jos\u00e9 Luis Miletti<\/td><\/tr><tr><td class=\"has-text-align-center\" data-align=\"center\">Vicepresidente<\/td><td class=\"has-text-align-center\" data-align=\"center\">Cristian Germ\u00e1n Ojeda<\/td><\/tr><tr><td class=\"has-text-align-center\" data-align=\"center\">Secretario<\/td><td class=\"has-text-align-center\" data-align=\"center\">Andr\u00e9s Jos\u00e9 Crivello<\/td><\/tr><tr><td class=\"has-text-align-center\" data-align=\"center\">Pro Secretario<\/td><td class=\"has-text-align-center\" data-align=\"center\">Matias Hern\u00e1n Bert\u00e9<\/td><\/tr><tr><td class=\"has-text-align-center\" data-align=\"center\">Tesorero<\/td><td class=\"has-text-align-center\" data-align=\"center\">Alejandro Alberto Ruiti\u00f1a<\/td><\/tr><tr><td class=\"has-text-align-center\" data-align=\"center\">Pro Tesorero<\/td><td class=\"has-text-align-center\" data-align=\"center\">Sergio Ezequiel Carrasco<\/td><\/tr><tr><td class=\"has-text-align-center\" data-align=\"center\">Vocales Titulares<\/td><td class=\"has-text-align-center\" data-align=\"center\">N\u00e9stor Orlando Luna<br>Nelson David O&#8217;Keeffe<br>Cristina Rita Battilana<\/td><\/tr><tr><td class=\"has-text-align-center\" data-align=\"center\">Vocales Suplentes<\/td><td class=\"has-text-align-center\" data-align=\"center\">Alejandra Raquel Villanueva<br>Gustavo Fabi\u00e1n Pedemonti<\/td><\/tr><tr><td class=\"has-text-align-center\" data-align=\"center\">Revisiones de Cuentas Titulares<\/td><td class=\"has-text-align-center\" data-align=\"center\">Francisco Antonio Hermosilla<br>Ezequiel Fernando Pisano<br>Eduardo Ra\u00fal Mart\u00ednez<\/td><\/tr><tr><td class=\"has-text-align-center\" data-align=\"center\">Revisiones de Cuentas Suplentes<\/td><td class=\"has-text-align-center\" data-align=\"center\">Maximiliano Roberto Cincunegui<br>Luis Alberto Escudero<\/td><\/tr><\/tbody><\/table><\/figure>\n\n\n\n<p>Comunicaci\u00f3n oficial: 0348 &#8211; 4418374 (tel\u00e9fono) \/ ligaescobarensedefutbol@gmail.com (correo electr\u00f3nico)<\/p>\n","protected":false},"excerpt":{"rendered":"<p>La Liga Escobarense de F\u00fatbol es una asociaci\u00f3n civil de clubes del noroeste del \u00c1rea Metropolitana de Buenos Aires que tiene como misi\u00f3n la promoci\u00f3n del deporte en la regi\u00f3n. Fundada el 20 de abril de 1956, esta liga regional acumula m\u00e1s de seis d\u00e9cadas de organizaci\u00f3n de torneos deportivos. Se encuentra homologada por el&#8230;<\/p>\n","protected":false},"author":1,"featured_media":0,"parent":0,"menu_order":0,"comment_status":"closed","ping_status":"closed","template":"","meta":{"footnotes":""},"_links":{"self":[{"href":"https:\/\/ligaescobarense.ar\/index.php\/wp-json\/wp\/v2\/pages\/16"}],"collection":[{"href":"https:\/\/ligaescobarense.ar\/index.php\/wp-json\/wp\/v2\/pages"}],"about":[{"href":"https:\/\/ligaescobarense.ar\/index.php\/wp-json\/wp\/v2\/types\/page"}],"author":[{"embeddable":true,"href":"https:\/\/ligaescobarense.ar\/index.php\/wp-json\/wp\/v2\/users\/1"}],"replies":[{"embeddable":true,"href":"https:\/\/ligaescobarense.ar\/index.php\/wp-json\/wp\/v2\/comments?post=16"}],"version-history":[{"count":4,"href":"https:\/\/ligaescobarense.ar\/index.php\/wp-json\/wp\/v2\/pages\/16\/revisions"}],"predecessor-version":[{"id":8581,"href":"https:\/\/ligaescobarense.ar\/index.php\/wp-json\/wp\/v2\/pages\/16\/revisions\/8581"}],"wp:attachment":[{"href":"https:\/\/ligaescobarense.ar\/index.php\/wp-json\/wp\/v2\/media?parent=16"}],"curies":[{"name":"wp","href":"https:\/\/api.w.org\/{rel}","templated":true}]}}