{"id":1141,"date":"2024-01-07T20:20:40","date_gmt":"2024-01-07T19:20:40","guid":{"rendered":"https:\/\/ligaescobarense.ar\/?page_id=1141"},"modified":"2025-11-02T23:35:59","modified_gmt":"2025-11-03T02:35:59","slug":"1141-2","status":"publish","type":"page","link":"https:\/\/ligaescobarense.ar\/","title":{"rendered":"Programaci\u00f3n de hoy"},"content":{"rendered":"\n\n\n\n<p><\/p>\n\n\n\n<p class=\"has-medium-font-size\"><strong>Clubes participantes de Primera Divisi\u00f3n A<\/strong> &#8211; Zona Escobar<\/p>\n\n\n\t\t<div class=\"anwp-b-wrap teams-gutenblock\">\n\t\t\t\t\t\t\t<div class=\"d-flex flex-wrap\">\n\t\t\t\t\t\t\t\t\t\t\t<div class=\"clubs-shortcode__wrapper club-logo position-relative anwp-text-center p-2 m-1 anwp-fl-border anwp-border-light d-flex flex-column\">\n\t\t\t\t\t\t\t<img loading=\"lazy\" class=\"clubs-shortcode__logo anwp-object-contain mx-auto\"\n\t\t\t\t\t\t\t\t\tstyle=\"width: 74px; height: 74px;\"\n\t\t\t\t\t\t\t\t\tsrc=\"https:\/\/ligaescobarense.ar\/wp-content\/uploads\/2024\/01\/Bajo-San-Isidro.png\" alt=\"Bajo San Isidro\">\n\n\t\t\t\t\t\t\t\n\t\t\t\t\t\t\t<a class=\"anwp-link-without-effects anwp-link-cover\" href=\"https:\/\/ligaescobarense.ar\/index.php\/club\/bajo-san-isidro-7\/\"><\/a>\n\t\t\t\t\t\t<\/div>\n\t\t\t\t\t\t\t\t\t\t\t<div class=\"clubs-shortcode__wrapper club-logo position-relative anwp-text-center p-2 m-1 anwp-fl-border anwp-border-light d-flex flex-column\">\n\t\t\t\t\t\t\t<img loading=\"lazy\" class=\"clubs-shortcode__logo anwp-object-contain mx-auto\"\n\t\t\t\t\t\t\t\t\tstyle=\"width: 74px; height: 74px;\"\n\t\t\t\t\t\t\t\t\tsrc=\"https:\/\/ligaescobarense.ar\/wp-content\/uploads\/2024\/09\/Control-Orientado.png\" alt=\"Control Orientado\">\n\n\t\t\t\t\t\t\t\n\t\t\t\t\t\t\t<a class=\"anwp-link-without-effects anwp-link-cover\" href=\"https:\/\/ligaescobarense.ar\/index.php\/club\/control-orientado-3\/\"><\/a>\n\t\t\t\t\t\t<\/div>\n\t\t\t\t\t\t\t\t\t\t\t<div class=\"clubs-shortcode__wrapper club-logo position-relative anwp-text-center p-2 m-1 anwp-fl-border anwp-border-light d-flex flex-column\">\n\t\t\t\t\t\t\t<img loading=\"lazy\" class=\"clubs-shortcode__logo anwp-object-contain mx-auto\"\n\t\t\t\t\t\t\t\t\tstyle=\"width: 74px; height: 74px;\"\n\t\t\t\t\t\t\t\t\tsrc=\"https:\/\/ligaescobarense.ar\/wp-content\/uploads\/2024\/01\/El-Tablon.png\" alt=\"El Tablon\">\n\n\t\t\t\t\t\t\t\n\t\t\t\t\t\t\t<a class=\"anwp-link-without-effects anwp-link-cover\" href=\"https:\/\/ligaescobarense.ar\/index.php\/club\/el-tablon-2\/\"><\/a>\n\t\t\t\t\t\t<\/div>\n\t\t\t\t\t\t\t\t\t\t\t<div class=\"clubs-shortcode__wrapper club-logo position-relative anwp-text-center p-2 m-1 anwp-fl-border anwp-border-light d-flex flex-column\">\n\t\t\t\t\t\t\t<img loading=\"lazy\" class=\"clubs-shortcode__logo anwp-object-contain mx-auto\"\n\t\t\t\t\t\t\t\t\tstyle=\"width: 74px; height: 74px;\"\n\t\t\t\t\t\t\t\t\tsrc=\"https:\/\/ligaescobarense.ar\/wp-content\/uploads\/2024\/01\/Jose-C.-Paz.png\" alt=\"Jose C. Paz\">\n\n\t\t\t\t\t\t\t\n\t\t\t\t\t\t\t<a class=\"anwp-link-without-effects anwp-link-cover\" href=\"https:\/\/ligaescobarense.ar\/index.php\/club\/jose-c-paz-4\/\"><\/a>\n\t\t\t\t\t\t<\/div>\n\t\t\t\t\t\t\t\t\t\t\t<div class=\"clubs-shortcode__wrapper club-logo position-relative anwp-text-center p-2 m-1 anwp-fl-border anwp-border-light d-flex flex-column\">\n\t\t\t\t\t\t\t<img loading=\"lazy\" class=\"clubs-shortcode__logo anwp-object-contain mx-auto\"\n\t\t\t\t\t\t\t\t\tstyle=\"width: 74px; height: 74px;\"\n\t\t\t\t\t\t\t\t\tsrc=\"https:\/\/ligaescobarense.ar\/wp-content\/uploads\/2025\/10\/Atletico-Peru.png\" alt=\"Peru\">\n\n\t\t\t\t\t\t\t\n\t\t\t\t\t\t\t<a class=\"anwp-link-without-effects anwp-link-cover\" href=\"https:\/\/ligaescobarense.ar\/index.php\/club\/peru-2\/\"><\/a>\n\t\t\t\t\t\t<\/div>\n\t\t\t\t\t\t\t\t\t\t\t<div class=\"clubs-shortcode__wrapper club-logo position-relative anwp-text-center p-2 m-1 anwp-fl-border anwp-border-light d-flex flex-column\">\n\t\t\t\t\t\t\t<img loading=\"lazy\" class=\"clubs-shortcode__logo anwp-object-contain mx-auto\"\n\t\t\t\t\t\t\t\t\tstyle=\"width: 74px; height: 74px;\"\n\t\t\t\t\t\t\t\t\tsrc=\"https:\/\/ligaescobarense.ar\/wp-content\/uploads\/2024\/01\/Malvinas.png\" alt=\"Malvinas\">\n\n\t\t\t\t\t\t\t\n\t\t\t\t\t\t\t<a class=\"anwp-link-without-effects anwp-link-cover\" href=\"https:\/\/ligaescobarense.ar\/index.php\/club\/malvinas-5\/\"><\/a>\n\t\t\t\t\t\t<\/div>\n\t\t\t\t\t\t\t\t\t\t\t<div class=\"clubs-shortcode__wrapper club-logo position-relative anwp-text-center p-2 m-1 anwp-fl-border anwp-border-light d-flex flex-column\">\n\t\t\t\t\t\t\t<img loading=\"lazy\" class=\"clubs-shortcode__logo anwp-object-contain mx-auto\"\n\t\t\t\t\t\t\t\t\tstyle=\"width: 74px; height: 74px;\"\n\t\t\t\t\t\t\t\t\tsrc=\"https:\/\/ligaescobarense.ar\/wp-content\/uploads\/2024\/08\/La-Sonia-nuevo.png\" alt=\"La Sonia\">\n\n\t\t\t\t\t\t\t\n\t\t\t\t\t\t\t<a class=\"anwp-link-without-effects anwp-link-cover\" href=\"https:\/\/ligaescobarense.ar\/index.php\/club\/la-sonia-5\/\"><\/a>\n\t\t\t\t\t\t<\/div>\n\t\t\t\t\t\t\t\t\t\t\t<div class=\"clubs-shortcode__wrapper club-logo position-relative anwp-text-center p-2 m-1 anwp-fl-border anwp-border-light d-flex flex-column\">\n\t\t\t\t\t\t\t<img loading=\"lazy\" class=\"clubs-shortcode__logo anwp-object-contain mx-auto\"\n\t\t\t\t\t\t\t\t\tstyle=\"width: 74px; height: 74px;\"\n\t\t\t\t\t\t\t\t\tsrc=\"https:\/\/ligaescobarense.ar\/wp-content\/uploads\/2024\/01\/La-Fraternidad.png\" alt=\"La Fraternidad\">\n\n\t\t\t\t\t\t\t\n\t\t\t\t\t\t\t<a class=\"anwp-link-without-effects anwp-link-cover\" href=\"https:\/\/ligaescobarense.ar\/index.php\/club\/la-fraternidad-3\/\"><\/a>\n\t\t\t\t\t\t<\/div>\n\t\t\t\t\t\t\t\t\t\t\t<div class=\"clubs-shortcode__wrapper club-logo position-relative anwp-text-center p-2 m-1 anwp-fl-border anwp-border-light d-flex flex-column\">\n\t\t\t\t\t\t\t<img loading=\"lazy\" class=\"clubs-shortcode__logo anwp-object-contain mx-auto\"\n\t\t\t\t\t\t\t\t\tstyle=\"width: 74px; height: 74px;\"\n\t\t\t\t\t\t\t\t\tsrc=\"https:\/\/ligaescobarense.ar\/wp-content\/uploads\/2024\/01\/Dep.-Metalurgico.png\" alt=\"Metalurgico\">\n\n\t\t\t\t\t\t\t\n\t\t\t\t\t\t\t<a class=\"anwp-link-without-effects anwp-link-cover\" href=\"https:\/\/ligaescobarense.ar\/index.php\/club\/metalurgico-2\/\"><\/a>\n\t\t\t\t\t\t<\/div>\n\t\t\t\t\t\t\t\t\t\t\t<div class=\"clubs-shortcode__wrapper club-logo position-relative anwp-text-center p-2 m-1 anwp-fl-border anwp-border-light d-flex flex-column\">\n\t\t\t\t\t\t\t<img loading=\"lazy\" class=\"clubs-shortcode__logo anwp-object-contain mx-auto\"\n\t\t\t\t\t\t\t\t\tstyle=\"width: 74px; height: 74px;\"\n\t\t\t\t\t\t\t\t\tsrc=\"https:\/\/ligaescobarense.ar\/wp-content\/uploads\/2024\/01\/Nautico-Hacoaj.png\" alt=\"Hacoaj\">\n\n\t\t\t\t\t\t\t\n\t\t\t\t\t\t\t<a class=\"anwp-link-without-effects anwp-link-cover\" href=\"https:\/\/ligaescobarense.ar\/index.php\/club\/hacoaj-3\/\"><\/a>\n\t\t\t\t\t\t<\/div>\n\t\t\t\t\t\t\t\t\t\t\t<div class=\"clubs-shortcode__wrapper club-logo position-relative anwp-text-center p-2 m-1 anwp-fl-border anwp-border-light d-flex flex-column\">\n\t\t\t\t\t\t\t<img loading=\"lazy\" class=\"clubs-shortcode__logo anwp-object-contain mx-auto\"\n\t\t\t\t\t\t\t\t\tstyle=\"width: 74px; height: 74px;\"\n\t\t\t\t\t\t\t\t\tsrc=\"https:\/\/ligaescobarense.ar\/wp-content\/uploads\/2025\/10\/Somra-nuevo-2.png\" alt=\"Somra\">\n\n\t\t\t\t\t\t\t\n\t\t\t\t\t\t\t<a class=\"anwp-link-without-effects anwp-link-cover\" href=\"https:\/\/ligaescobarense.ar\/index.php\/club\/somra-6\/\"><\/a>\n\t\t\t\t\t\t<\/div>\n\t\t\t\t\t\t\t\t\t\t\t<div class=\"clubs-shortcode__wrapper club-logo position-relative anwp-text-center p-2 m-1 anwp-fl-border anwp-border-light d-flex flex-column\">\n\t\t\t\t\t\t\t<img loading=\"lazy\" class=\"clubs-shortcode__logo anwp-object-contain mx-auto\"\n\t\t\t\t\t\t\t\t\tstyle=\"width: 74px; height: 74px;\"\n\t\t\t\t\t\t\t\t\tsrc=\"https:\/\/ligaescobarense.ar\/wp-content\/uploads\/2025\/10\/Atletico-Escobar-nuevo.png\" alt=\"Escobar\">\n\n\t\t\t\t\t\t\t\n\t\t\t\t\t\t\t<a class=\"anwp-link-without-effects anwp-link-cover\" href=\"https:\/\/ligaescobarense.ar\/index.php\/club\/escobar-4\/\"><\/a>\n\t\t\t\t\t\t<\/div>\n\t\t\t\t\t\t\t\t\t<\/div>\n\t\t\t\t\t<\/div>\n\t\t\n\n\n<p class=\"has-medium-font-size\"><strong>Clubes participantes de Primera Divisi\u00f3n A<\/strong> &#8211; Zona Pilar<\/p>\n\n\n\t\t<div class=\"anwp-b-wrap teams-gutenblock\">\n\t\t\t\t\t\t\t<div class=\"d-flex flex-wrap\">\n\t\t\t\t\t\t\t\t\t\t\t<div class=\"clubs-shortcode__wrapper club-logo position-relative anwp-text-center p-2 m-1 anwp-fl-border anwp-border-light d-flex flex-column\">\n\t\t\t\t\t\t\t<img loading=\"lazy\" class=\"clubs-shortcode__logo anwp-object-contain mx-auto\"\n\t\t\t\t\t\t\t\t\tstyle=\"width: 74px; height: 74px;\"\n\t\t\t\t\t\t\t\t\tsrc=\"https:\/\/ligaescobarense.ar\/wp-content\/uploads\/2024\/01\/Atletico-Pilar.png\" alt=\"Atletico Pilar\">\n\n\t\t\t\t\t\t\t\n\t\t\t\t\t\t\t<a class=\"anwp-link-without-effects anwp-link-cover\" href=\"https:\/\/ligaescobarense.ar\/index.php\/club\/atletico-pilar-6\/\"><\/a>\n\t\t\t\t\t\t<\/div>\n\t\t\t\t\t\t\t\t\t\t\t<div class=\"clubs-shortcode__wrapper club-logo position-relative anwp-text-center p-2 m-1 anwp-fl-border anwp-border-light d-flex flex-column\">\n\t\t\t\t\t\t\t<img loading=\"lazy\" class=\"clubs-shortcode__logo anwp-object-contain mx-auto\"\n\t\t\t\t\t\t\t\t\tstyle=\"width: 74px; height: 74px;\"\n\t\t\t\t\t\t\t\t\tsrc=\"https:\/\/ligaescobarense.ar\/wp-content\/uploads\/2024\/01\/Presidente-Derqui.png\" alt=\"Derqui\">\n\n\t\t\t\t\t\t\t\n\t\t\t\t\t\t\t<a class=\"anwp-link-without-effects anwp-link-cover\" href=\"https:\/\/ligaescobarense.ar\/index.php\/club\/derqui-2\/\"><\/a>\n\t\t\t\t\t\t<\/div>\n\t\t\t\t\t\t\t\t\t\t\t<div class=\"clubs-shortcode__wrapper club-logo position-relative anwp-text-center p-2 m-1 anwp-fl-border anwp-border-light d-flex flex-column\">\n\t\t\t\t\t\t\t<img loading=\"lazy\" class=\"clubs-shortcode__logo anwp-object-contain mx-auto\"\n\t\t\t\t\t\t\t\t\tstyle=\"width: 74px; height: 74px;\"\n\t\t\t\t\t\t\t\t\tsrc=\"https:\/\/ligaescobarense.ar\/wp-content\/uploads\/2024\/01\/Flecha-Azul-nuevo.png\" alt=\"Flecha Azul\">\n\n\t\t\t\t\t\t\t\n\t\t\t\t\t\t\t<a class=\"anwp-link-without-effects anwp-link-cover\" href=\"https:\/\/ligaescobarense.ar\/index.php\/club\/flecha-azul-4\/\"><\/a>\n\t\t\t\t\t\t<\/div>\n\t\t\t\t\t\t\t\t\t\t\t<div class=\"clubs-shortcode__wrapper club-logo position-relative anwp-text-center p-2 m-1 anwp-fl-border anwp-border-light d-flex flex-column\">\n\t\t\t\t\t\t\t<img loading=\"lazy\" class=\"clubs-shortcode__logo anwp-object-contain mx-auto\"\n\t\t\t\t\t\t\t\t\tstyle=\"width: 74px; height: 74px;\"\n\t\t\t\t\t\t\t\t\tsrc=\"https:\/\/ligaescobarense.ar\/wp-content\/uploads\/2025\/10\/Juventud-Unida-Villa-Rosa.png\" alt=\"Juventud Unida\">\n\n\t\t\t\t\t\t\t\n\t\t\t\t\t\t\t<a class=\"anwp-link-without-effects anwp-link-cover\" href=\"https:\/\/ligaescobarense.ar\/index.php\/club\/juventud-unida\/\"><\/a>\n\t\t\t\t\t\t<\/div>\n\t\t\t\t\t\t\t\t\t\t\t<div class=\"clubs-shortcode__wrapper club-logo position-relative anwp-text-center p-2 m-1 anwp-fl-border anwp-border-light d-flex flex-column\">\n\t\t\t\t\t\t\t<img loading=\"lazy\" class=\"clubs-shortcode__logo anwp-object-contain mx-auto\"\n\t\t\t\t\t\t\t\t\tstyle=\"width: 74px; height: 74px;\"\n\t\t\t\t\t\t\t\t\tsrc=\"https:\/\/ligaescobarense.ar\/wp-content\/uploads\/2024\/01\/Manzanares.png\" alt=\"Manzanares\">\n\n\t\t\t\t\t\t\t\n\t\t\t\t\t\t\t<a class=\"anwp-link-without-effects anwp-link-cover\" href=\"https:\/\/ligaescobarense.ar\/index.php\/club\/manzanares-6\/\"><\/a>\n\t\t\t\t\t\t<\/div>\n\t\t\t\t\t\t\t\t\t\t\t<div class=\"clubs-shortcode__wrapper club-logo position-relative anwp-text-center p-2 m-1 anwp-fl-border anwp-border-light d-flex flex-column\">\n\t\t\t\t\t\t\t<img loading=\"lazy\" class=\"clubs-shortcode__logo anwp-object-contain mx-auto\"\n\t\t\t\t\t\t\t\t\tstyle=\"width: 74px; height: 74px;\"\n\t\t\t\t\t\t\t\t\tsrc=\"https:\/\/ligaescobarense.ar\/wp-content\/uploads\/2024\/01\/Monterrey.png\" alt=\"Monterrey\">\n\n\t\t\t\t\t\t\t\n\t\t\t\t\t\t\t<a class=\"anwp-link-without-effects anwp-link-cover\" href=\"https:\/\/ligaescobarense.ar\/index.php\/club\/monterrey-6\/\"><\/a>\n\t\t\t\t\t\t<\/div>\n\t\t\t\t\t\t\t\t\t\t\t<div class=\"clubs-shortcode__wrapper club-logo position-relative anwp-text-center p-2 m-1 anwp-fl-border anwp-border-light d-flex flex-column\">\n\t\t\t\t\t\t\t<img loading=\"lazy\" class=\"clubs-shortcode__logo anwp-object-contain mx-auto\"\n\t\t\t\t\t\t\t\t\tstyle=\"width: 74px; height: 74px;\"\n\t\t\t\t\t\t\t\t\tsrc=\"https:\/\/ligaescobarense.ar\/wp-content\/uploads\/2024\/01\/Peruzzotti.png\" alt=\"Peruzzotti\">\n\n\t\t\t\t\t\t\t\n\t\t\t\t\t\t\t<a class=\"anwp-link-without-effects anwp-link-cover\" href=\"https:\/\/ligaescobarense.ar\/index.php\/club\/peruzzotti-2\/\"><\/a>\n\t\t\t\t\t\t<\/div>\n\t\t\t\t\t\t\t\t\t\t\t<div class=\"clubs-shortcode__wrapper club-logo position-relative anwp-text-center p-2 m-1 anwp-fl-border anwp-border-light d-flex flex-column\">\n\t\t\t\t\t\t\t<img loading=\"lazy\" class=\"clubs-shortcode__logo anwp-object-contain mx-auto\"\n\t\t\t\t\t\t\t\t\tstyle=\"width: 74px; height: 74px;\"\n\t\t\t\t\t\t\t\t\tsrc=\"https:\/\/ligaescobarense.ar\/wp-content\/uploads\/2024\/01\/Pilar-City-1.png\" alt=\"Pilar City\">\n\n\t\t\t\t\t\t\t\n\t\t\t\t\t\t\t<a class=\"anwp-link-without-effects anwp-link-cover\" href=\"https:\/\/ligaescobarense.ar\/index.php\/club\/pilar-city-4\/\"><\/a>\n\t\t\t\t\t\t<\/div>\n\t\t\t\t\t\t\t\t\t\t\t<div class=\"clubs-shortcode__wrapper club-logo position-relative anwp-text-center p-2 m-1 anwp-fl-border anwp-border-light d-flex flex-column\">\n\t\t\t\t\t\t\t<img loading=\"lazy\" class=\"clubs-shortcode__logo anwp-object-contain mx-auto\"\n\t\t\t\t\t\t\t\t\tstyle=\"width: 74px; height: 74px;\"\n\t\t\t\t\t\t\t\t\tsrc=\"https:\/\/ligaescobarense.ar\/wp-content\/uploads\/2024\/01\/San-Alejo.png\" alt=\"San Alejo\">\n\n\t\t\t\t\t\t\t\n\t\t\t\t\t\t\t<a class=\"anwp-link-without-effects anwp-link-cover\" href=\"https:\/\/ligaescobarense.ar\/index.php\/club\/san-alejo-3\/\"><\/a>\n\t\t\t\t\t\t<\/div>\n\t\t\t\t\t\t\t\t\t\t\t<div class=\"clubs-shortcode__wrapper club-logo position-relative anwp-text-center p-2 m-1 anwp-fl-border anwp-border-light d-flex flex-column\">\n\t\t\t\t\t\t\t<img loading=\"lazy\" class=\"clubs-shortcode__logo anwp-object-contain mx-auto\"\n\t\t\t\t\t\t\t\t\tstyle=\"width: 74px; height: 74px;\"\n\t\t\t\t\t\t\t\t\tsrc=\"https:\/\/ligaescobarense.ar\/wp-content\/uploads\/2024\/08\/Union-de-Del-Viso-nuevo.png\" alt=\"Union\">\n\n\t\t\t\t\t\t\t\n\t\t\t\t\t\t\t<a class=\"anwp-link-without-effects anwp-link-cover\" href=\"https:\/\/ligaescobarense.ar\/index.php\/club\/union-4\/\"><\/a>\n\t\t\t\t\t\t<\/div>\n\t\t\t\t\t\t\t\t\t\t\t<div class=\"clubs-shortcode__wrapper club-logo position-relative anwp-text-center p-2 m-1 anwp-fl-border anwp-border-light d-flex flex-column\">\n\t\t\t\t\t\t\t<img loading=\"lazy\" class=\"clubs-shortcode__logo anwp-object-contain mx-auto\"\n\t\t\t\t\t\t\t\t\tstyle=\"width: 74px; height: 74px;\"\n\t\t\t\t\t\t\t\t\tsrc=\"https:\/\/ligaescobarense.ar\/wp-content\/uploads\/2024\/01\/Union-Ferroviaria.png\" alt=\"Union Ferroviaria\">\n\n\t\t\t\t\t\t\t\n\t\t\t\t\t\t\t<a class=\"anwp-link-without-effects anwp-link-cover\" href=\"https:\/\/ligaescobarense.ar\/index.php\/club\/union-ferroviaria-7\/\"><\/a>\n\t\t\t\t\t\t<\/div>\n\t\t\t\t\t\t\t\t\t\t\t<div class=\"clubs-shortcode__wrapper club-logo position-relative anwp-text-center p-2 m-1 anwp-fl-border anwp-border-light d-flex flex-column\">\n\t\t\t\t\t\t\t<img loading=\"lazy\" class=\"clubs-shortcode__logo anwp-object-contain mx-auto\"\n\t\t\t\t\t\t\t\t\tstyle=\"width: 74px; height: 74px;\"\n\t\t\t\t\t\t\t\t\tsrc=\"https:\/\/ligaescobarense.ar\/wp-content\/uploads\/2024\/01\/Villa-Rosa.png\" alt=\"Villa Rosa\">\n\n\t\t\t\t\t\t\t\n\t\t\t\t\t\t\t<a class=\"anwp-link-without-effects anwp-link-cover\" href=\"https:\/\/ligaescobarense.ar\/index.php\/club\/villa-rosa-4\/\"><\/a>\n\t\t\t\t\t\t<\/div>\n\t\t\t\t\t\t\t\t\t\t\t<div class=\"clubs-shortcode__wrapper club-logo position-relative anwp-text-center p-2 m-1 anwp-fl-border anwp-border-light d-flex flex-column\">\n\t\t\t\t\t\t\t<img loading=\"lazy\" class=\"clubs-shortcode__logo anwp-object-contain mx-auto\"\n\t\t\t\t\t\t\t\t\tstyle=\"width: 74px; height: 74px;\"\n\t\t\t\t\t\t\t\t\tsrc=\"https:\/\/ligaescobarense.ar\/wp-content\/uploads\/2024\/01\/Zelaya.png\" alt=\"Zelaya\">\n\n\t\t\t\t\t\t\t\n\t\t\t\t\t\t\t<a class=\"anwp-link-without-effects anwp-link-cover\" href=\"https:\/\/ligaescobarense.ar\/index.php\/club\/zelaya-5\/\"><\/a>\n\t\t\t\t\t\t<\/div>\n\t\t\t\t\t\t\t\t\t<\/div>\n\t\t\t\t\t<\/div>\n\t\t\n\n\n<p class=\"has-medium-font-size\"><strong>Clubes participantes de Primera Divisi\u00f3n B<\/strong> &#8211; Zona Escobar<\/p>\n\n\n\t\t<div class=\"anwp-b-wrap teams-gutenblock\">\n\t\t\t\t\t\t\t<div class=\"d-flex flex-wrap\">\n\t\t\t\t\t\t\t\t\t\t\t<div class=\"clubs-shortcode__wrapper club-logo position-relative anwp-text-center p-2 m-1 anwp-fl-border anwp-border-light d-flex flex-column\">\n\t\t\t\t\t\t\t<img loading=\"lazy\" class=\"clubs-shortcode__logo anwp-object-contain mx-auto\"\n\t\t\t\t\t\t\t\t\tstyle=\"width: 74px; height: 74px;\"\n\t\t\t\t\t\t\t\t\tsrc=\"https:\/\/ligaescobarense.ar\/wp-content\/uploads\/2024\/01\/America.png\" alt=\"America\">\n\n\t\t\t\t\t\t\t\n\t\t\t\t\t\t\t<a class=\"anwp-link-without-effects anwp-link-cover\" href=\"https:\/\/ligaescobarense.ar\/index.php\/club\/america-5\/\"><\/a>\n\t\t\t\t\t\t<\/div>\n\t\t\t\t\t\t\t\t\t\t\t<div class=\"clubs-shortcode__wrapper club-logo position-relative anwp-text-center p-2 m-1 anwp-fl-border anwp-border-light d-flex flex-column\">\n\t\t\t\t\t\t\t<img loading=\"lazy\" class=\"clubs-shortcode__logo anwp-object-contain mx-auto\"\n\t\t\t\t\t\t\t\t\tstyle=\"width: 74px; height: 74px;\"\n\t\t\t\t\t\t\t\t\tsrc=\"https:\/\/ligaescobarense.ar\/wp-content\/uploads\/2024\/01\/Capitanes.png\" alt=\"Capitanes\">\n\n\t\t\t\t\t\t\t\n\t\t\t\t\t\t\t<a class=\"anwp-link-without-effects anwp-link-cover\" href=\"https:\/\/ligaescobarense.ar\/index.php\/club\/capitanes-5\/\"><\/a>\n\t\t\t\t\t\t<\/div>\n\t\t\t\t\t\t\t\t\t\t\t<div class=\"clubs-shortcode__wrapper club-logo position-relative anwp-text-center p-2 m-1 anwp-fl-border anwp-border-light d-flex flex-column\">\n\t\t\t\t\t\t\t<img loading=\"lazy\" class=\"clubs-shortcode__logo anwp-object-contain mx-auto\"\n\t\t\t\t\t\t\t\t\tstyle=\"width: 74px; height: 74px;\"\n\t\t\t\t\t\t\t\t\tsrc=\"https:\/\/ligaescobarense.ar\/wp-content\/uploads\/2024\/01\/C.-B.-E.png\" alt=\"Colectividad Boliviana\">\n\n\t\t\t\t\t\t\t\n\t\t\t\t\t\t\t<a class=\"anwp-link-without-effects anwp-link-cover\" href=\"https:\/\/ligaescobarense.ar\/index.php\/club\/colectividad-boliviana-4\/\"><\/a>\n\t\t\t\t\t\t<\/div>\n\t\t\t\t\t\t\t\t\t\t\t<div class=\"clubs-shortcode__wrapper club-logo position-relative anwp-text-center p-2 m-1 anwp-fl-border anwp-border-light d-flex flex-column\">\n\t\t\t\t\t\t\t<img loading=\"lazy\" class=\"clubs-shortcode__logo anwp-object-contain mx-auto\"\n\t\t\t\t\t\t\t\t\tstyle=\"width: 74px; height: 74px;\"\n\t\t\t\t\t\t\t\t\tsrc=\"https:\/\/ligaescobarense.ar\/wp-content\/uploads\/2025\/10\/Moscu.png\" alt=\"Deportivo Moscu\">\n\n\t\t\t\t\t\t\t\n\t\t\t\t\t\t\t<a class=\"anwp-link-without-effects anwp-link-cover\" href=\"https:\/\/ligaescobarense.ar\/index.php\/club\/deportivo-moscu\/\"><\/a>\n\t\t\t\t\t\t<\/div>\n\t\t\t\t\t\t\t\t\t\t\t<div class=\"clubs-shortcode__wrapper club-logo position-relative anwp-text-center p-2 m-1 anwp-fl-border anwp-border-light d-flex flex-column\">\n\t\t\t\t\t\t\t<img loading=\"lazy\" class=\"clubs-shortcode__logo anwp-object-contain mx-auto\"\n\t\t\t\t\t\t\t\t\tstyle=\"width: 74px; height: 74px;\"\n\t\t\t\t\t\t\t\t\tsrc=\"https:\/\/ligaescobarense.ar\/wp-content\/uploads\/2024\/01\/Domingo-Matheu.png\" alt=\"Domingo Matheu\">\n\n\t\t\t\t\t\t\t\n\t\t\t\t\t\t\t<a class=\"anwp-link-without-effects anwp-link-cover\" href=\"https:\/\/ligaescobarense.ar\/index.php\/club\/domingo-matheu-7\/\"><\/a>\n\t\t\t\t\t\t<\/div>\n\t\t\t\t\t\t\t\t\t\t\t<div class=\"clubs-shortcode__wrapper club-logo position-relative anwp-text-center p-2 m-1 anwp-fl-border anwp-border-light d-flex flex-column\">\n\t\t\t\t\t\t\t<img loading=\"lazy\" class=\"clubs-shortcode__logo anwp-object-contain mx-auto\"\n\t\t\t\t\t\t\t\t\tstyle=\"width: 74px; height: 74px;\"\n\t\t\t\t\t\t\t\t\tsrc=\"https:\/\/ligaescobarense.ar\/wp-content\/uploads\/2024\/01\/Falucho.png\" alt=\"Falucho\">\n\n\t\t\t\t\t\t\t\n\t\t\t\t\t\t\t<a class=\"anwp-link-without-effects anwp-link-cover\" href=\"https:\/\/ligaescobarense.ar\/index.php\/club\/falucho-6\/\"><\/a>\n\t\t\t\t\t\t<\/div>\n\t\t\t\t\t\t\t\t\t\t\t<div class=\"clubs-shortcode__wrapper club-logo position-relative anwp-text-center p-2 m-1 anwp-fl-border anwp-border-light d-flex flex-column\">\n\t\t\t\t\t\t\t<img loading=\"lazy\" class=\"clubs-shortcode__logo anwp-object-contain mx-auto\"\n\t\t\t\t\t\t\t\t\tstyle=\"width: 74px; height: 74px;\"\n\t\t\t\t\t\t\t\t\tsrc=\"https:\/\/ligaescobarense.ar\/wp-content\/uploads\/2025\/10\/Fair-Play.png\" alt=\"Fair Play\">\n\n\t\t\t\t\t\t\t\n\t\t\t\t\t\t\t<a class=\"anwp-link-without-effects anwp-link-cover\" href=\"https:\/\/ligaescobarense.ar\/index.php\/club\/fair-play\/\"><\/a>\n\t\t\t\t\t\t<\/div>\n\t\t\t\t\t\t\t\t\t\t\t<div class=\"clubs-shortcode__wrapper club-logo position-relative anwp-text-center p-2 m-1 anwp-fl-border anwp-border-light d-flex flex-column\">\n\t\t\t\t\t\t\t<img loading=\"lazy\" class=\"clubs-shortcode__logo anwp-object-contain mx-auto\"\n\t\t\t\t\t\t\t\t\tstyle=\"width: 74px; height: 74px;\"\n\t\t\t\t\t\t\t\t\tsrc=\"https:\/\/ligaescobarense.ar\/wp-content\/uploads\/2024\/08\/La-Sonia-nuevo.png\" alt=\"La Sonia B\">\n\n\t\t\t\t\t\t\t\n\t\t\t\t\t\t\t<a class=\"anwp-link-without-effects anwp-link-cover\" href=\"https:\/\/ligaescobarense.ar\/index.php\/club\/la-sonia-b-4\/\"><\/a>\n\t\t\t\t\t\t<\/div>\n\t\t\t\t\t\t\t\t\t\t\t<div class=\"clubs-shortcode__wrapper club-logo position-relative anwp-text-center p-2 m-1 anwp-fl-border anwp-border-light d-flex flex-column\">\n\t\t\t\t\t\t\t<img loading=\"lazy\" class=\"clubs-shortcode__logo anwp-object-contain mx-auto\"\n\t\t\t\t\t\t\t\t\tstyle=\"width: 74px; height: 74px;\"\n\t\t\t\t\t\t\t\t\tsrc=\"https:\/\/ligaescobarense.ar\/wp-content\/uploads\/2024\/12\/Lomas-Futbol.png\" alt=\"Lomas Futbol\">\n\n\t\t\t\t\t\t\t\n\t\t\t\t\t\t\t<a class=\"anwp-link-without-effects anwp-link-cover\" href=\"https:\/\/ligaescobarense.ar\/index.php\/club\/lomas-futbol-2\/\"><\/a>\n\t\t\t\t\t\t<\/div>\n\t\t\t\t\t\t\t\t\t\t\t<div class=\"clubs-shortcode__wrapper club-logo position-relative anwp-text-center p-2 m-1 anwp-fl-border anwp-border-light d-flex flex-column\">\n\t\t\t\t\t\t\t<img loading=\"lazy\" class=\"clubs-shortcode__logo anwp-object-contain mx-auto\"\n\t\t\t\t\t\t\t\t\tstyle=\"width: 74px; height: 74px;\"\n\t\t\t\t\t\t\t\t\tsrc=\"https:\/\/ligaescobarense.ar\/wp-content\/uploads\/2024\/01\/Los-Altos.png\" alt=\"Los Altos\">\n\n\t\t\t\t\t\t\t\n\t\t\t\t\t\t\t<a class=\"anwp-link-without-effects anwp-link-cover\" href=\"https:\/\/ligaescobarense.ar\/index.php\/club\/los-altos-5\/\"><\/a>\n\t\t\t\t\t\t<\/div>\n\t\t\t\t\t\t\t\t\t\t\t<div class=\"clubs-shortcode__wrapper club-logo position-relative anwp-text-center p-2 m-1 anwp-fl-border anwp-border-light d-flex flex-column\">\n\t\t\t\t\t\t\t<img loading=\"lazy\" class=\"clubs-shortcode__logo anwp-object-contain mx-auto\"\n\t\t\t\t\t\t\t\t\tstyle=\"width: 74px; height: 74px;\"\n\t\t\t\t\t\t\t\t\tsrc=\"https:\/\/ligaescobarense.ar\/wp-content\/uploads\/2024\/01\/Parque-Villarino-1.png\" alt=\"Parque III\">\n\n\t\t\t\t\t\t\t\n\t\t\t\t\t\t\t<a class=\"anwp-link-without-effects anwp-link-cover\" href=\"https:\/\/ligaescobarense.ar\/index.php\/club\/parque-iii-4\/\"><\/a>\n\t\t\t\t\t\t<\/div>\n\t\t\t\t\t\t\t\t\t\t\t<div class=\"clubs-shortcode__wrapper club-logo position-relative anwp-text-center p-2 m-1 anwp-fl-border anwp-border-light d-flex flex-column\">\n\t\t\t\t\t\t\t<img loading=\"lazy\" class=\"clubs-shortcode__logo anwp-object-contain mx-auto\"\n\t\t\t\t\t\t\t\t\tstyle=\"width: 74px; height: 74px;\"\n\t\t\t\t\t\t\t\t\tsrc=\"https:\/\/ligaescobarense.ar\/wp-content\/uploads\/2024\/09\/Sportivo-Union.png\" alt=\"Sportivo Union\">\n\n\t\t\t\t\t\t\t\n\t\t\t\t\t\t\t<a class=\"anwp-link-without-effects anwp-link-cover\" href=\"https:\/\/ligaescobarense.ar\/index.php\/club\/sportivo-union-3\/\"><\/a>\n\t\t\t\t\t\t<\/div>\n\t\t\t\t\t\t\t\t\t\t\t<div class=\"clubs-shortcode__wrapper club-logo position-relative anwp-text-center p-2 m-1 anwp-fl-border anwp-border-light d-flex flex-column\">\n\t\t\t\t\t\t\t<img loading=\"lazy\" class=\"clubs-shortcode__logo anwp-object-contain mx-auto\"\n\t\t\t\t\t\t\t\t\tstyle=\"width: 74px; height: 74px;\"\n\t\t\t\t\t\t\t\t\tsrc=\"https:\/\/ligaescobarense.ar\/wp-content\/uploads\/2025\/10\/Tribuna-Sport-Club.png\" alt=\"Tribuna Sport Club\">\n\n\t\t\t\t\t\t\t\n\t\t\t\t\t\t\t<a class=\"anwp-link-without-effects anwp-link-cover\" href=\"https:\/\/ligaescobarense.ar\/index.php\/club\/tribuna-sport-club\/\"><\/a>\n\t\t\t\t\t\t<\/div>\n\t\t\t\t\t\t\t\t\t\t\t<div class=\"clubs-shortcode__wrapper club-logo position-relative anwp-text-center p-2 m-1 anwp-fl-border anwp-border-light d-flex flex-column\">\n\t\t\t\t\t\t\t<img loading=\"lazy\" class=\"clubs-shortcode__logo anwp-object-contain mx-auto\"\n\t\t\t\t\t\t\t\t\tstyle=\"width: 74px; height: 74px;\"\n\t\t\t\t\t\t\t\t\tsrc=\"https:\/\/ligaescobarense.ar\/wp-content\/uploads\/2024\/01\/Villa-Juana.png\" alt=\"Villa Juana\">\n\n\t\t\t\t\t\t\t\n\t\t\t\t\t\t\t<a class=\"anwp-link-without-effects anwp-link-cover\" href=\"https:\/\/ligaescobarense.ar\/index.php\/club\/villa-juana-5\/\"><\/a>\n\t\t\t\t\t\t<\/div>\n\t\t\t\t\t\t\t\t\t<\/div>\n\t\t\t\t\t<\/div>\n\t\t","protected":false},"excerpt":{"rendered":"<p>Clubes participantes de Primera Divisi\u00f3n A &#8211; Zona Escobar Clubes participantes de Primera Divisi\u00f3n A &#8211; Zona Pilar Clubes participantes de Primera Divisi\u00f3n B &#8211; Zona Escobar<\/p>\n","protected":false},"author":1,"featured_media":0,"parent":0,"menu_order":0,"comment_status":"closed","ping_status":"closed","template":"","meta":{"footnotes":""},"_links":{"self":[{"href":"https:\/\/ligaescobarense.ar\/index.php\/wp-json\/wp\/v2\/pages\/1141"}],"collection":[{"href":"https:\/\/ligaescobarense.ar\/index.php\/wp-json\/wp\/v2\/pages"}],"about":[{"href":"https:\/\/ligaescobarense.ar\/index.php\/wp-json\/wp\/v2\/types\/page"}],"author":[{"embeddable":true,"href":"https:\/\/ligaescobarense.ar\/index.php\/wp-json\/wp\/v2\/users\/1"}],"replies":[{"embeddable":true,"href":"https:\/\/ligaescobarense.ar\/index.php\/wp-json\/wp\/v2\/comments?post=1141"}],"version-history":[{"count":41,"href":"https:\/\/ligaescobarense.ar\/index.php\/wp-json\/wp\/v2\/pages\/1141\/revisions"}],"predecessor-version":[{"id":8470,"href":"https:\/\/ligaescobarense.ar\/index.php\/wp-json\/wp\/v2\/pages\/1141\/revisions\/8470"}],"wp:attachment":[{"href":"https:\/\/ligaescobarense.ar\/index.php\/wp-json\/wp\/v2\/media?parent=1141"}],"curies":[{"name":"wp","href":"https:\/\/api.w.org\/{rel}","templated":true}]}}